{"id":2148,"date":"2019-02-19T21:17:03","date_gmt":"2019-02-19T20:17:03","guid":{"rendered":"http:\/\/www.verschwisterung-schotten.de\/vvs\/?page_id=2148"},"modified":"2019-03-26T16:32:23","modified_gmt":"2019-03-26T15:32:23","slug":"rymarov-begegnungen","status":"publish","type":"page","link":"https:\/\/www.verschwisterung-schotten.de\/vvs\/rymarov-begegnungen\/","title":{"rendered":"Rymarov &#8211; Begegnungen"},"content":{"rendered":"\t\t<div data-elementor-type=\"wp-post\" data-elementor-id=\"2148\" class=\"elementor elementor-2148\">\n\t\t\t\t\t\t\t\t\t<section class=\"elementor-section elementor-top-section elementor-element elementor-element-b7848e9 elementor-section-boxed elementor-section-height-default elementor-section-height-default\" data-id=\"b7848e9\" data-element_type=\"section\">\n\t\t\t\t\t\t<div class=\"elementor-container elementor-column-gap-default\">\n\t\t\t\t\t<div class=\"elementor-column elementor-col-100 elementor-top-column elementor-element elementor-element-beaf2d7\" data-id=\"beaf2d7\" data-element_type=\"column\">\n\t\t\t<div class=\"elementor-widget-wrap elementor-element-populated\">\n\t\t\t\t\t\t\t\t<div class=\"elementor-element elementor-element-72ceda0 elementor-widget elementor-widget-menu-anchor\" data-id=\"72ceda0\" data-element_type=\"widget\" data-widget_type=\"menu-anchor.default\">\n\t\t\t\t<div class=\"elementor-widget-container\">\n\t\t\t\t\t<div class=\"elementor-menu-anchor\"><\/div>\n\t\t\t\t<\/div>\n\t\t\t\t<\/div>\n\t\t\t\t<div class=\"elementor-element elementor-element-36f1df8 elementor-widget elementor-widget-button\" data-id=\"36f1df8\" data-element_type=\"widget\" data-widget_type=\"button.default\">\n\t\t\t\t<div class=\"elementor-widget-container\">\n\t\t\t\t\t<div class=\"elementor-button-wrapper\">\n\t\t\t<a class=\"elementor-button elementor-button-link elementor-size-md\" href=\"http:\/\/www.verschwisterung-schotten.de\/vvs\/rymarov-3\/#begegnungen\" id=\"begegnungen-id\">\n\t\t\t\t\t\t<span class=\"elementor-button-content-wrapper\">\n\t\t\t\t\t\t<span class=\"elementor-button-icon elementor-align-icon-left\">\n\t\t\t\t\t\t\t\t\t<i class=\"fa fa-angle-left\" aria-hidden=\"true\"><\/i>\n\t\t\t\t\t\t\t<\/span>\n\t\t\t\t\t\t<span class=\"elementor-button-text\">Zur\u00fcck<\/span>\n\t\t<\/span>\n\t\t\t\t\t<\/a>\n\t\t<\/div>\n\t\t\t\t<\/div>\n\t\t\t\t<\/div>\n\t\t\t\t\t<\/div>\n\t\t<\/div>\n\t\t\t\t\t\t\t<\/div>\n\t\t<\/section>\n\t\t\t\t<section class=\"elementor-section elementor-top-section elementor-element elementor-element-4c526de elementor-section-boxed elementor-section-height-default elementor-section-height-default\" data-id=\"4c526de\" data-element_type=\"section\">\n\t\t\t\t\t\t<div class=\"elementor-container elementor-column-gap-default\">\n\t\t\t\t\t<div class=\"elementor-column elementor-col-100 elementor-top-column elementor-element elementor-element-ae89ce8\" data-id=\"ae89ce8\" data-element_type=\"column\">\n\t\t\t<div class=\"elementor-widget-wrap elementor-element-populated\">\n\t\t\t\t\t\t\t\t<div class=\"elementor-element elementor-element-501227b elementor-tabs-view-horizontal elementor-widget elementor-widget-tabs\" data-id=\"501227b\" data-element_type=\"widget\" data-widget_type=\"tabs.default\">\n\t\t\t\t<div class=\"elementor-widget-container\">\n\t\t\t\t\t<div class=\"elementor-tabs\">\n\t\t\t<div class=\"elementor-tabs-wrapper\" role=\"tablist\" >\n\t\t\t\t\t\t\t\t\t<div id=\"elementor-tab-title-8391\" class=\"elementor-tab-title elementor-tab-desktop-title\" aria-selected=\"true\" data-tab=\"1\" role=\"tab\" tabindex=\"0\" aria-controls=\"elementor-tab-content-8391\" aria-expanded=\"false\">Begegnungen<\/div>\n\t\t\t\t\t\t\t<\/div>\n\t\t\t<div class=\"elementor-tabs-content-wrapper\" role=\"tablist\" aria-orientation=\"vertical\">\n\t\t\t\t\t\t\t\t\t<div class=\"elementor-tab-title elementor-tab-mobile-title\" aria-selected=\"true\" data-tab=\"1\" role=\"tab\" tabindex=\"0\" aria-controls=\"elementor-tab-content-8391\" aria-expanded=\"false\">Begegnungen<\/div>\n\t\t\t\t\t<div id=\"elementor-tab-content-8391\" class=\"elementor-tab-content elementor-clearfix\" data-tab=\"1\" role=\"tabpanel\" aria-labelledby=\"elementor-tab-title-8391\" tabindex=\"0\" hidden=\"false\"><p><style type=\"text\/css\">\r\n\t#foogallery-gallery-2080 .fg-image {\r\n        width: 164px;\r\n    }\r\n<\/style>\r\n\t\t\t\t<div class=\"foogallery foogallery-container foogallery-default foogallery-lightbox-foobox fg-gutter-10 fg-left fg-default fg-light fg-border-thin fg-shadow-outline fg-loading-default fg-loaded-fade-in fg-caption-hover fg-hover-fade fg-hover-zoom fg-ready\" id=\"foogallery-gallery-2080\" data-foogallery=\"{&quot;item&quot;:{&quot;showCaptionTitle&quot;:true,&quot;showCaptionDescription&quot;:true},&quot;lazy&quot;:true}\" >\r\n\t<div class=\"fg-item fg-type-image fg-idle\"><figure class=\"fg-item-inner\"><a href=\"https:\/\/www.verschwisterung-schotten.de\/vvs\/wp-content\/uploads\/2019\/02\/Rymarov1.jpg\" data-caption-title=\"Gruppenbild in Rymarov am Denkmal ??? (v.l.n.r.): Elke H\u00e4usler (Vorsitzende des Verschwisterungsvereins von Bogen), Lino Rosa (Vorsitzender des Verschwisterungsvereins von Arco), N.N., Philippe Cambier (Vorsitzender des Verschwisterungsvereins von Beloeil), Pietro Commisso (Vorsitzender des Verschwisterungsvereins von Roccella Jonica), Susanne Schaab (B\u00fcrgermeisterin der Stadt Schotten), Peter Klouda (damaliger B\u00fcrgermeister der Stadt Rymarov), Daniel Robin (Vorsitzender des Verschwisterungsvereins von Crosne)\" data-attachment-id=\"2081\" data-type=\"image\" class=\"fg-thumb\"><span class=\"fg-image-wrap\"><img decoding=\"async\" title=\"Gruppenbild in Rymarov am Denkmal ??? (v.l.n.r.): Elke H\u00e4usler (Vorsitzende des Verschwisterungsvereins von Bogen), Lino Rosa (Vorsitzender des Verschwisterungsvereins von Arco), N.N., Philippe Cambier (Vorsitzender des Verschwisterungsvereins von Beloeil), Pietro Commisso (Vorsitzender des Verschwisterungsvereins von Roccella Jonica), Susanne Schaab (B\u00fcrgermeisterin der Stadt Schotten), Peter Klouda (damaliger B\u00fcrgermeister der Stadt Rymarov), Daniel Robin (Vorsitzender des Verschwisterungsvereins von Crosne)\" width=\"164\" height=\"164\" class=\"skip-lazy fg-image\" data-src-fg=\"https:\/\/www.verschwisterung-schotten.de\/vvs\/wp-content\/uploads\/cache\/2019\/02\/Rymarov1\/4280275870.jpg\" src=\"data:image\/svg+xml,%3Csvg%20xmlns%3D%22http%3A%2F%2Fwww.w3.org%2F2000%2Fsvg%22%20width%3D%22164%22%20height%3D%22164%22%20viewBox%3D%220%200%20164%20164%22%3E%3C%2Fsvg%3E\" loading=\"eager\"><\/span><span class=\"fg-image-overlay\"><\/span><\/a><figcaption class=\"fg-caption\"><div class=\"fg-caption-inner\"><div class=\"fg-caption-title\">Gruppenbild in Rymarov am Denkmal ??? (v.l.n.r.): Elke H\u00e4usler (Vorsitzende des Verschwisterungsvereins von Bogen), Lino Rosa (Vorsitzender des Verschwisterungsvereins von Arco), N.N., Philippe Cambier (Vorsitzender des Verschwisterungsvereins von Beloeil), Pietro Commisso (Vorsitzender des Verschwisterungsvereins von Roccella Jonica), Susanne Schaab (B\u00fcrgermeisterin der Stadt Schotten), Peter Klouda (damaliger B\u00fcrgermeister der Stadt Rymarov), Daniel Robin (Vorsitzender des Verschwisterungsvereins von Crosne)<\/div><\/div><\/figcaption><\/figure><div class=\"fg-loader\"><\/div><\/div><div class=\"fg-item fg-type-image fg-idle\"><figure class=\"fg-item-inner\"><a href=\"https:\/\/www.verschwisterung-schotten.de\/vvs\/wp-content\/uploads\/2019\/02\/Rymarov2.jpg\" data-caption-title=\"Gruppenbild in Rymarov (v.l.n.r.): Pietro Commisso (Vorsitzender des Verschwisterungsvereins von Roccella Jonica), N.N., Susanne Schaab (B\u00fcrgermeisterin der Stadt Schotten), Anna Meznikova, Peter Klouda (damaliger B\u00fcrgermeister der Stadt Rymarov), Hans Otto Zimmermann (Ehrenvorsitzender des Verschwisterungsvereins Schotten), Daniel Robin (Vorsitzender des Verschwisterungsvereins von Crosne)\" data-attachment-id=\"2082\" data-type=\"image\" class=\"fg-thumb\"><span class=\"fg-image-wrap\"><img decoding=\"async\" title=\"Gruppenbild in Rymarov (v.l.n.r.): Pietro Commisso (Vorsitzender des Verschwisterungsvereins von Roccella Jonica), N.N., Susanne Schaab (B\u00fcrgermeisterin der Stadt Schotten), Anna Meznikova, Peter Klouda (damaliger B\u00fcrgermeister der Stadt Rymarov), Hans Otto Zimmermann (Ehrenvorsitzender des Verschwisterungsvereins Schotten), Daniel Robin (Vorsitzender des Verschwisterungsvereins von Crosne)\" width=\"164\" height=\"164\" class=\"skip-lazy fg-image\" data-src-fg=\"https:\/\/www.verschwisterung-schotten.de\/vvs\/wp-content\/uploads\/cache\/2019\/02\/Rymarov2\/1326485366.jpg\" src=\"data:image\/svg+xml,%3Csvg%20xmlns%3D%22http%3A%2F%2Fwww.w3.org%2F2000%2Fsvg%22%20width%3D%22164%22%20height%3D%22164%22%20viewBox%3D%220%200%20164%20164%22%3E%3C%2Fsvg%3E\" loading=\"eager\"><\/span><span class=\"fg-image-overlay\"><\/span><\/a><figcaption class=\"fg-caption\"><div class=\"fg-caption-inner\"><div class=\"fg-caption-title\">Gruppenbild in Rymarov (v.l.n.r.): Pietro Commisso (Vorsitzender des Verschwisterungsvereins von Roccella Jonica), N.N., Susanne Schaab (B\u00fcrgermeisterin der Stadt Schotten), Anna Meznikova, Peter Klouda (damaliger B\u00fcrgermeister der Stadt Rymarov), Hans Otto Zimmermann (Ehrenvorsitzender des Verschwisterungsvereins Schotten), Daniel Robin (Vorsitzender des Verschwisterungsvereins von Crosne)<\/div><\/div><\/figcaption><\/figure><div class=\"fg-loader\"><\/div><\/div><div class=\"fg-item fg-type-image fg-idle\"><figure class=\"fg-item-inner\"><a href=\"https:\/\/www.verschwisterung-schotten.de\/vvs\/wp-content\/uploads\/2019\/02\/Rymarov3.jpg\" data-caption-title=\"B\u00fcrgermeisterin Susanne Schaab (Schotten) und (damaliger) B\u00fcrgermeister Peter Klouda (Rymarov) bei der Unterzeichnung der Urkunde, mit der die Partnerschaft best\u00e4tigt und erneuert werden soll am ??.??. 2017 in in der Festhalle von Rymarov\" data-attachment-id=\"2083\" data-type=\"image\" class=\"fg-thumb\"><span class=\"fg-image-wrap\"><img decoding=\"async\" title=\"B\u00fcrgermeisterin Susanne Schaab (Schotten) und (damaliger) B\u00fcrgermeister Peter Klouda (Rymarov) bei der Unterzeichnung der Urkunde, mit der die Partnerschaft best\u00e4tigt und erneuert werden soll am ??.??. 2017 in in der Festhalle von Rymarov\" width=\"164\" height=\"164\" class=\"skip-lazy fg-image\" data-src-fg=\"https:\/\/www.verschwisterung-schotten.de\/vvs\/wp-content\/uploads\/cache\/2019\/02\/Rymarov3\/2520430865.jpg\" src=\"data:image\/svg+xml,%3Csvg%20xmlns%3D%22http%3A%2F%2Fwww.w3.org%2F2000%2Fsvg%22%20width%3D%22164%22%20height%3D%22164%22%20viewBox%3D%220%200%20164%20164%22%3E%3C%2Fsvg%3E\" loading=\"eager\"><\/span><span class=\"fg-image-overlay\"><\/span><\/a><figcaption class=\"fg-caption\"><div class=\"fg-caption-inner\"><div class=\"fg-caption-title\">B\u00fcrgermeisterin Susanne Schaab (Schotten) und (damaliger) B\u00fcrgermeister Peter Klouda (Rymarov) bei der Unterzeichnung der Urkunde, mit der die Partnerschaft best\u00e4tigt und erneuert werden soll am ??.??. 2017 in in der Festhalle von Rymarov<\/div><\/div><\/figcaption><\/figure><div class=\"fg-loader\"><\/div><\/div><\/div>\r\n<\/p><\/div>\n\t\t\t\t\t\t\t<\/div>\n\t\t<\/div>\n\t\t\t\t<\/div>\n\t\t\t\t<\/div>\n\t\t\t\t\t<\/div>\n\t\t<\/div>\n\t\t\t\t\t\t\t<\/div>\n\t\t<\/section>\n\t\t\t\t\t\t\t<\/div>\n\t\t","protected":false},"excerpt":{"rendered":"<p>Zur\u00fcck Begegnungen Begegnungen Gruppenbild in Rymarov am Denkmal ??? (v.l.n.r.): Elke H\u00e4usler (Vorsitzende des Verschwisterungsvereins von Bogen), Lino Rosa (Vorsitzender des Verschwisterungsvereins von Arco), N.N., Philippe Cambier (Vorsitzender des Verschwisterungsvereins von Beloeil), Pietro Commisso&#46;&#46;&#46;<\/p>\n","protected":false},"author":1,"featured_media":0,"parent":0,"menu_order":0,"comment_status":"closed","ping_status":"closed","template":"","meta":{"footnotes":""},"class_list":["post-2148","page","type-page","status-publish","hentry"],"yoast_head":"<!-- This site is optimized with the Yoast SEO plugin v20.3 - https:\/\/yoast.com\/wordpress\/plugins\/seo\/ -->\n<title>Rymarov - Begegnungen - Verschwisterungsverein Schotten e.V.<\/title>\n<meta name=\"description\" content=\"Verein, Schotten - Verschwisterungsverein Schotten e.V. Rymarov - Begegnungen % Verschwisterung, Europa, Deutschland, Italien, Frankreich, Tschechien, Polen, Belgien, Partner, Partnerstadt, Deutschland, Berlin, Hessen\" \/>\n<meta name=\"robots\" content=\"index, follow, max-snippet:-1, max-image-preview:large, max-video-preview:-1\" \/>\n<link rel=\"canonical\" href=\"https:\/\/www.verschwisterung-schotten.de\/vvs\/rymarov-begegnungen\/\" \/>\n<meta property=\"og:locale\" content=\"de_DE\" \/>\n<meta property=\"og:type\" content=\"article\" \/>\n<meta property=\"og:title\" content=\"Rymarov - Begegnungen - Verschwisterungsverein Schotten e.V.\" \/>\n<meta property=\"og:description\" content=\"Verein, Schotten - Verschwisterungsverein Schotten e.V. Rymarov - Begegnungen % Verschwisterung, Europa, Deutschland, Italien, Frankreich, Tschechien, Polen, Belgien, Partner, Partnerstadt, Deutschland, Berlin, Hessen\" \/>\n<meta property=\"og:url\" content=\"https:\/\/www.verschwisterung-schotten.de\/vvs\/rymarov-begegnungen\/\" \/>\n<meta property=\"og:site_name\" content=\"Verschwisterungsverein Schotten e.V.\" \/>\n<meta property=\"article:publisher\" content=\"https:\/\/www.facebook.com\/verschwisterungschotten?ref=hl\" \/>\n<meta property=\"article:modified_time\" content=\"2019-03-26T15:32:23+00:00\" \/>\n<meta name=\"twitter:card\" content=\"summary_large_image\" \/>\n<meta name=\"twitter:label1\" content=\"Gesch\u00e4tzte Lesezeit\" \/>\n\t<meta name=\"twitter:data1\" content=\"1\u00a0Minute\" \/>\n<script type=\"application\/ld+json\" class=\"yoast-schema-graph\">{\"@context\":\"https:\/\/schema.org\",\"@graph\":[{\"@type\":\"WebPage\",\"@id\":\"https:\/\/www.verschwisterung-schotten.de\/vvs\/rymarov-begegnungen\/\",\"url\":\"https:\/\/www.verschwisterung-schotten.de\/vvs\/rymarov-begegnungen\/\",\"name\":\"Rymarov - Begegnungen - Verschwisterungsverein Schotten e.V.\",\"isPartOf\":{\"@id\":\"https:\/\/www.verschwisterung-schotten.de\/vvs\/#website\"},\"datePublished\":\"2019-02-19T20:17:03+00:00\",\"dateModified\":\"2019-03-26T15:32:23+00:00\",\"description\":\"Verein, Schotten - Verschwisterungsverein Schotten e.V. Rymarov - Begegnungen % Verschwisterung, Europa, Deutschland, Italien, Frankreich, Tschechien, Polen, Belgien, Partner, Partnerstadt, Deutschland, Berlin, Hessen\",\"breadcrumb\":{\"@id\":\"https:\/\/www.verschwisterung-schotten.de\/vvs\/rymarov-begegnungen\/#breadcrumb\"},\"inLanguage\":\"de\",\"potentialAction\":[{\"@type\":\"ReadAction\",\"target\":[\"https:\/\/www.verschwisterung-schotten.de\/vvs\/rymarov-begegnungen\/\"]}]},{\"@type\":\"BreadcrumbList\",\"@id\":\"https:\/\/www.verschwisterung-schotten.de\/vvs\/rymarov-begegnungen\/#breadcrumb\",\"itemListElement\":[{\"@type\":\"ListItem\",\"position\":1,\"name\":\"Startseite\",\"item\":\"https:\/\/www.verschwisterung-schotten.de\/vvs\/\"},{\"@type\":\"ListItem\",\"position\":2,\"name\":\"Rymarov &#8211; Begegnungen\"}]},{\"@type\":\"WebSite\",\"@id\":\"https:\/\/www.verschwisterung-schotten.de\/vvs\/#website\",\"url\":\"https:\/\/www.verschwisterung-schotten.de\/vvs\/\",\"name\":\"Verschwisterungsverein Schotten e.V.\",\"description\":\"Die Verbindung zu den Partnerst\u00e4dten in Europa\",\"potentialAction\":[{\"@type\":\"SearchAction\",\"target\":{\"@type\":\"EntryPoint\",\"urlTemplate\":\"https:\/\/www.verschwisterung-schotten.de\/vvs\/?s={search_term_string}\"},\"query-input\":\"required name=search_term_string\"}],\"inLanguage\":\"de\"}]}<\/script>\n<!-- \/ Yoast SEO plugin. -->","yoast_head_json":{"title":"Rymarov - Begegnungen - Verschwisterungsverein Schotten e.V.","description":"Verein, Schotten - Verschwisterungsverein Schotten e.V. Rymarov - Begegnungen % Verschwisterung, Europa, Deutschland, Italien, Frankreich, Tschechien, Polen, Belgien, Partner, Partnerstadt, Deutschland, Berlin, Hessen","robots":{"index":"index","follow":"follow","max-snippet":"max-snippet:-1","max-image-preview":"max-image-preview:large","max-video-preview":"max-video-preview:-1"},"canonical":"https:\/\/www.verschwisterung-schotten.de\/vvs\/rymarov-begegnungen\/","og_locale":"de_DE","og_type":"article","og_title":"Rymarov - Begegnungen - Verschwisterungsverein Schotten e.V.","og_description":"Verein, Schotten - Verschwisterungsverein Schotten e.V. Rymarov - Begegnungen % Verschwisterung, Europa, Deutschland, Italien, Frankreich, Tschechien, Polen, Belgien, Partner, Partnerstadt, Deutschland, Berlin, Hessen","og_url":"https:\/\/www.verschwisterung-schotten.de\/vvs\/rymarov-begegnungen\/","og_site_name":"Verschwisterungsverein Schotten e.V.","article_publisher":"https:\/\/www.facebook.com\/verschwisterungschotten?ref=hl","article_modified_time":"2019-03-26T15:32:23+00:00","twitter_card":"summary_large_image","twitter_misc":{"Gesch\u00e4tzte Lesezeit":"1\u00a0Minute"},"schema":{"@context":"https:\/\/schema.org","@graph":[{"@type":"WebPage","@id":"https:\/\/www.verschwisterung-schotten.de\/vvs\/rymarov-begegnungen\/","url":"https:\/\/www.verschwisterung-schotten.de\/vvs\/rymarov-begegnungen\/","name":"Rymarov - Begegnungen - Verschwisterungsverein Schotten e.V.","isPartOf":{"@id":"https:\/\/www.verschwisterung-schotten.de\/vvs\/#website"},"datePublished":"2019-02-19T20:17:03+00:00","dateModified":"2019-03-26T15:32:23+00:00","description":"Verein, Schotten - Verschwisterungsverein Schotten e.V. Rymarov - Begegnungen % Verschwisterung, Europa, Deutschland, Italien, Frankreich, Tschechien, Polen, Belgien, Partner, Partnerstadt, Deutschland, Berlin, Hessen","breadcrumb":{"@id":"https:\/\/www.verschwisterung-schotten.de\/vvs\/rymarov-begegnungen\/#breadcrumb"},"inLanguage":"de","potentialAction":[{"@type":"ReadAction","target":["https:\/\/www.verschwisterung-schotten.de\/vvs\/rymarov-begegnungen\/"]}]},{"@type":"BreadcrumbList","@id":"https:\/\/www.verschwisterung-schotten.de\/vvs\/rymarov-begegnungen\/#breadcrumb","itemListElement":[{"@type":"ListItem","position":1,"name":"Startseite","item":"https:\/\/www.verschwisterung-schotten.de\/vvs\/"},{"@type":"ListItem","position":2,"name":"Rymarov &#8211; Begegnungen"}]},{"@type":"WebSite","@id":"https:\/\/www.verschwisterung-schotten.de\/vvs\/#website","url":"https:\/\/www.verschwisterung-schotten.de\/vvs\/","name":"Verschwisterungsverein Schotten e.V.","description":"Die Verbindung zu den Partnerst\u00e4dten in Europa","potentialAction":[{"@type":"SearchAction","target":{"@type":"EntryPoint","urlTemplate":"https:\/\/www.verschwisterung-schotten.de\/vvs\/?s={search_term_string}"},"query-input":"required name=search_term_string"}],"inLanguage":"de"}]}},"_links":{"self":[{"href":"https:\/\/www.verschwisterung-schotten.de\/vvs\/wp-json\/wp\/v2\/pages\/2148","targetHints":{"allow":["GET"]}}],"collection":[{"href":"https:\/\/www.verschwisterung-schotten.de\/vvs\/wp-json\/wp\/v2\/pages"}],"about":[{"href":"https:\/\/www.verschwisterung-schotten.de\/vvs\/wp-json\/wp\/v2\/types\/page"}],"author":[{"embeddable":true,"href":"https:\/\/www.verschwisterung-schotten.de\/vvs\/wp-json\/wp\/v2\/users\/1"}],"replies":[{"embeddable":true,"href":"https:\/\/www.verschwisterung-schotten.de\/vvs\/wp-json\/wp\/v2\/comments?post=2148"}],"version-history":[{"count":70,"href":"https:\/\/www.verschwisterung-schotten.de\/vvs\/wp-json\/wp\/v2\/pages\/2148\/revisions"}],"predecessor-version":[{"id":3161,"href":"https:\/\/www.verschwisterung-schotten.de\/vvs\/wp-json\/wp\/v2\/pages\/2148\/revisions\/3161"}],"wp:attachment":[{"href":"https:\/\/www.verschwisterung-schotten.de\/vvs\/wp-json\/wp\/v2\/media?parent=2148"}],"curies":[{"name":"wp","href":"https:\/\/api.w.org\/{rel}","templated":true}]}}