{"id":141,"date":"2018-07-09T17:03:25","date_gmt":"2018-07-09T15:03:25","guid":{"rendered":"http:\/\/www.verschwisterung-schotten.de\/vvs\/?page_id=141"},"modified":"2019-04-01T21:12:22","modified_gmt":"2019-04-01T19:12:22","slug":"impressum","status":"publish","type":"page","link":"https:\/\/www.verschwisterung-schotten.de\/vvs\/impressum\/","title":{"rendered":"Impressum"},"content":{"rendered":"\t\t<div data-elementor-type=\"wp-post\" data-elementor-id=\"141\" class=\"elementor elementor-141\">\n\t\t\t\t\t\t\t\t\t<section class=\"elementor-section elementor-top-section elementor-element elementor-element-72a054da elementor-section-boxed elementor-section-height-default elementor-section-height-default\" data-id=\"72a054da\" data-element_type=\"section\">\n\t\t\t\t\t\t<div class=\"elementor-container elementor-column-gap-default\">\n\t\t\t\t\t<div class=\"elementor-column elementor-col-100 elementor-top-column elementor-element elementor-element-696b0598\" data-id=\"696b0598\" data-element_type=\"column\">\n\t\t\t<div class=\"elementor-widget-wrap elementor-element-populated\">\n\t\t\t\t\t\t\t\t<div class=\"elementor-element elementor-element-1972064e elementor-widget elementor-widget-text-editor\" data-id=\"1972064e\" data-element_type=\"widget\" data-widget_type=\"text-editor.default\">\n\t\t\t\t<div class=\"elementor-widget-container\">\n\t\t\t\t\t\t\t<div class=\"node-content\"><div class=\"field field-name-body field-type-text-with-summary field-label-hidden view-mode-full view-mode-full\"><div class=\"field-items\"><div class=\"field-item even\"><p><span style=\"font-size: 12pt;\"><strong>Verschwisterungsverein Schotten e. V.<\/strong><\/span><br \/><span style=\"font-size: 12pt;\">Rudingshain<\/span><br \/><span style=\"font-size: 12pt;\">Hintergasse 14 A<\/span><br \/><span style=\"font-size: 12pt;\">D-63679 SCHOTTEN<\/span><\/p><p><span style=\"font-size: 12pt;\">Vereinsregister: Amtsgericht Friedberg<\/span><br \/><span style=\"font-size: 12pt;\">Vereinsregister-Nr.: VR 2077, vertreten durch den Vorstand nach \u00a7 26 BGB<\/span><br \/><span style=\"font-size: 12pt;\"><br \/><\/span><\/p><p><strong><span style=\"font-size: 12pt;\">Vorsitzender:<\/span><\/strong><br \/><span style=\"font-size: 12pt;\">Dieter Eickhoff<\/span><br \/><span style=\"font-size: 12pt;\">Rudingshain<\/span><br \/><span style=\"font-size: 12pt;\">Hintergasse 14 A<\/span><br \/><span style=\"font-size: 12pt;\">D &#8211; 63679 SCHOTTEN<\/span><br \/><span style=\"font-size: 12pt;\">Tel.: +49 (0) 6044 \u2013 96 41 04<\/span><br \/><span style=\"font-size: 12pt;\">Mail: <a href=\"mailto:dieter.eickhoff@gmx.de\">dieter.eickhoff@gmx.de<\/a><\/span><br \/><span style=\"font-size: 12pt;\">Vereinsvorstand (im Sinne von \u00a7 26 BGB)<\/span><br \/><span style=\"font-size: 12pt;\">Verantwortlich f\u00fcr den Inhalt: <a href=\"http:\/\/verschwisterung-schotten.de\/vvs\">Verschwisterungsverein Schotten<\/a><\/span><br \/><span style=\"font-size: 12pt;\">Umsetzung: <a href=\"http:\/\/www.screen-fashion.com\/sf\" target=\"_blank\" rel=\"noopener\">Screen Fashion<\/a><\/span><\/p><p><span style=\"font-size: 12pt;\">\u00a0<\/span><\/p><p><span style=\"font-size: 12pt;\"><strong>HINWEISE:<\/strong><\/span><br \/><span style=\"font-size: 12pt;\">Trotz sorgf\u00e4ltiger inhaltlicher Kontrollen \u00fcbernehmen wir keine Haftung f\u00fcr Inhalte externer Links.<\/span><br \/><span style=\"font-size: 12pt;\">F\u00fcr den Inhalt verlinkter Seiten sind ausschlie\u00dflich deren Betreiber verantwortlich.<\/span><br \/><span style=\"font-size: 12pt;\">Weiterhin machen wir uns den Inhalt von Stellungnahmen Dritter auf unserer Seite nicht zu Eigen.<\/span><br \/><span style=\"font-size: 12pt;\">Diese Meinungs\u00e4u\u00dferungen liegen ausschlie\u00dflich in der Verantwortung der Einsender.<\/span><\/p><\/div><\/div><\/div><\/div>\t\t\t\t\t\t<\/div>\n\t\t\t\t<\/div>\n\t\t\t\t\t<\/div>\n\t\t<\/div>\n\t\t\t\t\t\t\t<\/div>\n\t\t<\/section>\n\t\t\t\t\t\t\t<\/div>\n\t\t","protected":false},"excerpt":{"rendered":"<p>Verschwisterungsverein Schotten e. V.RudingshainHintergasse 14 AD-63679 SCHOTTEN Vereinsregister: Amtsgericht FriedbergVereinsregister-Nr.: VR 2077, vertreten durch den Vorstand nach \u00a7 26 BGB Vorsitzender:Dieter EickhoffRudingshainHintergasse 14 AD &#8211; 63679 SCHOTTENTel.: +49 (0) 6044 \u2013 96 41 04Mail:&#46;&#46;&#46;<\/p>\n","protected":false},"author":1,"featured_media":0,"parent":0,"menu_order":0,"comment_status":"closed","ping_status":"closed","template":"","meta":{"footnotes":""},"class_list":["post-141","page","type-page","status-publish","hentry"],"yoast_head":"<!-- This site is optimized with the Yoast SEO plugin v20.3 - https:\/\/yoast.com\/wordpress\/plugins\/seo\/ -->\n<title>Impressum - Verschwisterungsverein Schotten e.V.<\/title>\n<meta name=\"description\" content=\"Verein, Schotten - Verschwisterungsverein Schotten e.V. Impressum % Verschwisterung, Europa, Deutschland, Italien, Frankreich, Tschechien, Polen, Belgien, Partner, Partnerstadt, Deutschland, Berlin, Hessen\" \/>\n<meta name=\"robots\" content=\"index, follow, max-snippet:-1, max-image-preview:large, max-video-preview:-1\" \/>\n<link rel=\"canonical\" href=\"https:\/\/www.verschwisterung-schotten.de\/vvs\/impressum\/\" \/>\n<meta property=\"og:locale\" content=\"de_DE\" \/>\n<meta property=\"og:type\" content=\"article\" \/>\n<meta property=\"og:title\" content=\"Impressum - Verschwisterungsverein Schotten e.V.\" \/>\n<meta property=\"og:description\" content=\"Verein, Schotten - Verschwisterungsverein Schotten e.V. Impressum % Verschwisterung, Europa, Deutschland, Italien, Frankreich, Tschechien, Polen, Belgien, Partner, Partnerstadt, Deutschland, Berlin, Hessen\" \/>\n<meta property=\"og:url\" content=\"https:\/\/www.verschwisterung-schotten.de\/vvs\/impressum\/\" \/>\n<meta property=\"og:site_name\" content=\"Verschwisterungsverein Schotten e.V.\" \/>\n<meta property=\"article:publisher\" content=\"https:\/\/www.facebook.com\/verschwisterungschotten?ref=hl\" \/>\n<meta property=\"article:modified_time\" content=\"2019-04-01T19:12:22+00:00\" \/>\n<meta name=\"twitter:card\" content=\"summary_large_image\" \/>\n<script type=\"application\/ld+json\" class=\"yoast-schema-graph\">{\"@context\":\"https:\/\/schema.org\",\"@graph\":[{\"@type\":\"WebPage\",\"@id\":\"https:\/\/www.verschwisterung-schotten.de\/vvs\/impressum\/\",\"url\":\"https:\/\/www.verschwisterung-schotten.de\/vvs\/impressum\/\",\"name\":\"Impressum - Verschwisterungsverein Schotten e.V.\",\"isPartOf\":{\"@id\":\"https:\/\/www.verschwisterung-schotten.de\/vvs\/#website\"},\"datePublished\":\"2018-07-09T15:03:25+00:00\",\"dateModified\":\"2019-04-01T19:12:22+00:00\",\"description\":\"Verein, Schotten - Verschwisterungsverein Schotten e.V. Impressum % Verschwisterung, Europa, Deutschland, Italien, Frankreich, Tschechien, Polen, Belgien, Partner, Partnerstadt, Deutschland, Berlin, Hessen\",\"breadcrumb\":{\"@id\":\"https:\/\/www.verschwisterung-schotten.de\/vvs\/impressum\/#breadcrumb\"},\"inLanguage\":\"de\",\"potentialAction\":[{\"@type\":\"ReadAction\",\"target\":[\"https:\/\/www.verschwisterung-schotten.de\/vvs\/impressum\/\"]}]},{\"@type\":\"BreadcrumbList\",\"@id\":\"https:\/\/www.verschwisterung-schotten.de\/vvs\/impressum\/#breadcrumb\",\"itemListElement\":[{\"@type\":\"ListItem\",\"position\":1,\"name\":\"Startseite\",\"item\":\"https:\/\/www.verschwisterung-schotten.de\/vvs\/\"},{\"@type\":\"ListItem\",\"position\":2,\"name\":\"Impressum\"}]},{\"@type\":\"WebSite\",\"@id\":\"https:\/\/www.verschwisterung-schotten.de\/vvs\/#website\",\"url\":\"https:\/\/www.verschwisterung-schotten.de\/vvs\/\",\"name\":\"Verschwisterungsverein Schotten e.V.\",\"description\":\"Die Verbindung zu den Partnerst\u00e4dten in Europa\",\"potentialAction\":[{\"@type\":\"SearchAction\",\"target\":{\"@type\":\"EntryPoint\",\"urlTemplate\":\"https:\/\/www.verschwisterung-schotten.de\/vvs\/?s={search_term_string}\"},\"query-input\":\"required name=search_term_string\"}],\"inLanguage\":\"de\"}]}<\/script>\n<!-- \/ Yoast SEO plugin. -->","yoast_head_json":{"title":"Impressum - Verschwisterungsverein Schotten e.V.","description":"Verein, Schotten - Verschwisterungsverein Schotten e.V. Impressum % Verschwisterung, Europa, Deutschland, Italien, Frankreich, Tschechien, Polen, Belgien, Partner, Partnerstadt, Deutschland, Berlin, Hessen","robots":{"index":"index","follow":"follow","max-snippet":"max-snippet:-1","max-image-preview":"max-image-preview:large","max-video-preview":"max-video-preview:-1"},"canonical":"https:\/\/www.verschwisterung-schotten.de\/vvs\/impressum\/","og_locale":"de_DE","og_type":"article","og_title":"Impressum - Verschwisterungsverein Schotten e.V.","og_description":"Verein, Schotten - Verschwisterungsverein Schotten e.V. Impressum % Verschwisterung, Europa, Deutschland, Italien, Frankreich, Tschechien, Polen, Belgien, Partner, Partnerstadt, Deutschland, Berlin, Hessen","og_url":"https:\/\/www.verschwisterung-schotten.de\/vvs\/impressum\/","og_site_name":"Verschwisterungsverein Schotten e.V.","article_publisher":"https:\/\/www.facebook.com\/verschwisterungschotten?ref=hl","article_modified_time":"2019-04-01T19:12:22+00:00","twitter_card":"summary_large_image","schema":{"@context":"https:\/\/schema.org","@graph":[{"@type":"WebPage","@id":"https:\/\/www.verschwisterung-schotten.de\/vvs\/impressum\/","url":"https:\/\/www.verschwisterung-schotten.de\/vvs\/impressum\/","name":"Impressum - Verschwisterungsverein Schotten e.V.","isPartOf":{"@id":"https:\/\/www.verschwisterung-schotten.de\/vvs\/#website"},"datePublished":"2018-07-09T15:03:25+00:00","dateModified":"2019-04-01T19:12:22+00:00","description":"Verein, Schotten - Verschwisterungsverein Schotten e.V. Impressum % Verschwisterung, Europa, Deutschland, Italien, Frankreich, Tschechien, Polen, Belgien, Partner, Partnerstadt, Deutschland, Berlin, Hessen","breadcrumb":{"@id":"https:\/\/www.verschwisterung-schotten.de\/vvs\/impressum\/#breadcrumb"},"inLanguage":"de","potentialAction":[{"@type":"ReadAction","target":["https:\/\/www.verschwisterung-schotten.de\/vvs\/impressum\/"]}]},{"@type":"BreadcrumbList","@id":"https:\/\/www.verschwisterung-schotten.de\/vvs\/impressum\/#breadcrumb","itemListElement":[{"@type":"ListItem","position":1,"name":"Startseite","item":"https:\/\/www.verschwisterung-schotten.de\/vvs\/"},{"@type":"ListItem","position":2,"name":"Impressum"}]},{"@type":"WebSite","@id":"https:\/\/www.verschwisterung-schotten.de\/vvs\/#website","url":"https:\/\/www.verschwisterung-schotten.de\/vvs\/","name":"Verschwisterungsverein Schotten e.V.","description":"Die Verbindung zu den Partnerst\u00e4dten in Europa","potentialAction":[{"@type":"SearchAction","target":{"@type":"EntryPoint","urlTemplate":"https:\/\/www.verschwisterung-schotten.de\/vvs\/?s={search_term_string}"},"query-input":"required name=search_term_string"}],"inLanguage":"de"}]}},"_links":{"self":[{"href":"https:\/\/www.verschwisterung-schotten.de\/vvs\/wp-json\/wp\/v2\/pages\/141","targetHints":{"allow":["GET"]}}],"collection":[{"href":"https:\/\/www.verschwisterung-schotten.de\/vvs\/wp-json\/wp\/v2\/pages"}],"about":[{"href":"https:\/\/www.verschwisterung-schotten.de\/vvs\/wp-json\/wp\/v2\/types\/page"}],"author":[{"embeddable":true,"href":"https:\/\/www.verschwisterung-schotten.de\/vvs\/wp-json\/wp\/v2\/users\/1"}],"replies":[{"embeddable":true,"href":"https:\/\/www.verschwisterung-schotten.de\/vvs\/wp-json\/wp\/v2\/comments?post=141"}],"version-history":[{"count":10,"href":"https:\/\/www.verschwisterung-schotten.de\/vvs\/wp-json\/wp\/v2\/pages\/141\/revisions"}],"predecessor-version":[{"id":3617,"href":"https:\/\/www.verschwisterung-schotten.de\/vvs\/wp-json\/wp\/v2\/pages\/141\/revisions\/3617"}],"wp:attachment":[{"href":"https:\/\/www.verschwisterung-schotten.de\/vvs\/wp-json\/wp\/v2\/media?parent=141"}],"curies":[{"name":"wp","href":"https:\/\/api.w.org\/{rel}","templated":true}]}}